t l be 25*32/56*7/z. What is the greatest common divisor of s and l?
10
Let b(v) = 2*v - 3 + 13*v**2 + 5*v - 3*v. Let f be (-117)/26*4/(-9). Let u be b(f). What is the greatest common divisor of u and 19?
19
Let d(j) = 30*j**2 + j + 1. Let n be d(-1). Let w be 75 + 25/5 + -3. Let c be (22/w)/((-2)/(-70)). Calculate the highest common factor of n and c.
10
Let u = 35 + -29. Suppose -14*g + 13*g = u. Let n be 330/5*(-2)/g. Calculate the highest common factor of 55 and n.
11
Suppose 36 = -201*d + 204*d. Calculate the highest common factor of d and 18.
6
Suppose 18*v + 264 = 7590. Calculate the greatest common factor of v and 33.
11
Let s = -332 - -386. Calculate the greatest common divisor of s and 486.
54
Suppose -5*i - g + 270 = 0, i = -4*g + 21 + 33. Calculate the greatest common divisor of i and 729.
27
Let y(k) = k**3 - 3*k**2 + 3*k - 11. Let z be y(-7). Let m = -369 - z. Calculate the greatest common factor of m and 17.
17
Suppose 2*d - 32 = -f, 5*f + 18 - 166 = -4*d. What is the greatest common divisor of f and 448?
28
Let l be (-2 - -10)*20/16. Suppose 0 = -4*k, 2*k - 4*k = 2*g - l. Suppose y + 4*y = -20, g*y = 2*v - 380. Calculate the highest common divisor of v and 20.
20
Let o = 135 - 112. Let q = o - -17. What is the highest common factor of 120 and q?
40
Suppose 23*j = 18*j + 95. What is the greatest common divisor of j and 152?
19
Suppose 13*r = 3859 + 11741. Calculate the highest common divisor of 225 and r.
75
Suppose 111 = b - 3*h, 4*h = 5*b - 0*h - 544. What is the highest common factor of b and 4?
4
Let x be (2/7)/((-72)/(-5544)). Calculate the highest common divisor of x and 2.
2
Suppose 0 = -3*w + 12, -2*w = -5*m + 11 + 1. Suppose -m*a = -45 - 55. Calculate the highest common factor of a and 25.
25
Let u = 967 - 935. What is the greatest common factor of u and 256?
32
Let i = 81 + -75. What is the greatest common divisor of 21 and i?
3
Suppose -2*l + 48 = 4*g - 38, -l = -3*g - 18. What is the greatest common factor of 297 and l?
33
Let k(g) = g**3 + 6*g**2 + 3*g - 4. Let v be k(-4). Let l(j) = -18*j - 4. Let d be l(-2). Calculate the highest common divisor of v and d.
16
Suppose 0 = 15*u - 55 - 215. What is the greatest common divisor of u and 39?
3
Let u be 0/(-1*(2 - 4)). Suppose 3*c + c - 252 = u. What is the greatest common factor of 9 and c?
9
Suppose 48 = 15*w - 11*w. Suppose 3*x - w = 2*x. Let u be 9/(-2)*60/(-9). Calculate the greatest common factor of x and u.
6
Let w be 1 + -7 - -1 - -9. Suppose 1 = 4*i - 3. Calculate the highest common divisor of i and w.
1
Suppose 17 = 3*d - 4. Let o = 8 + -3. Let i(p) = -p**3 + 8*p**2 + 2. Let h be i(o). Calculate the greatest common divisor of h and d.
7
Suppose 24*b - 5 = 29*b. Suppose -4*g - 2*z + 44 = 0, 0*g - 3*z = 3*g - 27. Let l = g - b. What is the greatest common factor of l and 112?
14
Let b(y) = 5*y - 4*y + 14 - 2*y - y. Let s be b(-8). Let a be (-14)/(-3)*(-54)/(-21). Calculate the highest common divisor of a and s.
6
Let c(v) = 39*v + 111. Let i be c(13). What is the greatest common divisor of 6 and i?
6
Suppose 10*f - 1120 = -4*f. Let w(m) = -11*m - 28. Let h be w(-4). What is the greatest common divisor of h and f?
16
Suppose 4 = 4*r - 0. Let p = 91 + -88. What is the greatest common divisor of r and p?
1
Let s be (-1 - -2) + 2 + 4 - -6. Calculate the highest common factor of 702 and s.
13
Suppose -2*q + 2*k = 6*k - 2340, -2*q - 3*k + 2343 = 0. What is the highest common factor of 24 and q?
24
Let g = 26 - -73. Suppose -129 - g = -t. What is the highest common divisor of 12 and t?
12
Let q be 216 + 0*(3 + (-7)/2). Suppose -i - q = -3*i. Calculate the highest common factor of 12 and i.
12
Let c = -130 + 186. Let a be -1 - (1 - 36*1). Suppose -5*y + 6 = -a. What is the greatest common divisor of c and y?
8
Let v(g) = -2*g**2 + 15*g + 14. Let a be v(7). What is the greatest common divisor of a and 126?
21
Suppose 3605 = 150*s - 1795. Suppose q - 22 = 2*c - 4*c, 3*q - 71 = -c. What is the greatest common factor of s and q?
12
Let i = 12 - 10. Let h = 3 + i. Suppose 22 + 108 = h*c. What is the highest common factor of 39 and c?
13
Let h(s) = -21*s - 1. Let x(a) = -10*a. Let b(d) = -3*h(d) + 5*x(d). Let y be b(9). What is the highest common factor of 24 and y?
24
Let v be (-5 - -4)*-4 - -4. Let j be 43 + 0 - 32/v. Calculate the greatest common factor of j and 26.
13
Let c = -5 - -18. Let p be (c - 15) + 1*227. Calculate the highest common factor of 25 and p.
25
Let r = -31 - -49. Suppose q = -5*m - 18, 2*m + m = -12. Suppose 4*y - 179 = -q*l - 41, -3*y - 4*l = -96. Calculate the greatest common divisor of r and y.
18
Let l = 2353 + -2309. Calculate the highest common divisor of l and 1628.
44
Let v be (-1 + 4)/((-1)/(-9)). Let c be 2/3 + 28/3. Let r = -7 + c. Calculate the highest common divisor of r and v.
3
Let w = 52 - 8. Let f be w/(-1)*(-5)/10. Calculate the greatest common divisor of 2 and f.
2
Suppose 978 = -9*d + 3489. Calculate the highest common factor of 9 and d.
9
Suppose -3*h = -l + 381, -5*l - 3*h + 1332 = -609. What is the greatest common divisor of l and 9?
9
Let d be -288*(-4)/6*6/4. Calculate the greatest common divisor of 36 and d.
36
Suppose 0 = -3*u + 432 + 3180. Calculate the highest common factor of 28 and u.
28
Suppose 0*v + 5*i - 40 = -3*v, 36 = 4*v - 2*i. Suppose 239 = 4*a - 521. Calculate the highest common divisor of a and v.
10
Let m(p) = -p + 10. Let r be m(6). Suppose -2*y = -r*x + 82, 4*x + y = 2*y + 83. Let o = 489 + -258. Calculate the highest common factor of o and x.
21
Suppose 15 + 10 = 5*x. Suppose 4*s - 4*a - 36 = 0, -3*s - x*a - 8 = -a. Suppose s*i = i + 384. What is the greatest common divisor of i and 16?
16
Let p be (16 + -2 - 2) + -2. Let a(j) = 5*j**2 + j - 4. Let y(m) = -3*m + 16. Let o be y(4). Let t be a(o). Calculate the greatest common divisor of t and p.
10
Let r be -4 - (-6 + -26) - -1. Let w be -4 + 50 - (-1 - -1). Let o = w - r. Calculate the highest common divisor of 85 and o.
17
Suppose 2*h = -16*h + 90. Calculate the greatest common factor of h and 15.
5
Let c be 4/14 - (-16)/(-7). Let k be -1 + (-12)/(c - 1). Let d = 18 - k. Calculate the greatest common factor of 105 and d.
15
Let d = 7 - 3. Let r(t) = t**2 - t + 2. Let f be r(0). Suppose -q - f = -6. What is the highest common factor of q and d?
4
Let a = 273 + -257. Calculate the highest common divisor of 16 and a.
16
Suppose 0 = -2*d + 1 + 39. Suppose -61 = 3*f - 5*g, g + 4*g = -4*f - 93. Let b = f + 24. Calculate the greatest common factor of b and d.
2
Let m be (48/(-14))/(20/(-70)). Let l = m + 20. Let n(v) = -28*v - 4. Let a be n(-3). Calculate the highest common factor of l and a.
16
Suppose 99 = -10*i - 841. Let y = i + 102. Calculate the highest common divisor of y and 104.
8
Let z(x) = -2 - 65*x**2 - 66*x**2 + 9*x + 135*x**2. Let p be z(-6). What is the highest common factor of 8 and p?
8
Let h be ((-219)/9)/((-4)/768). What is the greatest common divisor of 146 and h?
146
Let w be (2 + 2)/(2/1). Suppose 2*g - 80 = -w*g. Suppose 5*a = -0*a + 20. Calculate the greatest common factor of a and g.
4
Let k(m) = -m**2 - 5*m - 2. Let p be k(-3). Suppose b + v - p*v - 117 = 0, b = 4*v + 120. Calculate the greatest common divisor of 12 and b.
12
Let a(s) = 22*s + 347. Let r be a(-14). What is the greatest common divisor of r and 247?
13
Let k = -471 + 700. Let z = 352 - k. Calculate the greatest common divisor of 41 and z.
41
Let d = 48 - 45. Let s be (-5)/d*(-50 + -7). What is the highest common divisor of s and 38?
19
Suppose -1 = -h - 5, -h + 98 = 3*d. What is the highest common factor of 34 and d?
34
Suppose -114*x + 5037 = -91*x. What is the highest common factor of 949 and x?
73
Let k be 1029/69 - 14/(-161). What is the highest common divisor of k and 960?
15
Suppose 0 = 5*y - 5*t + 5, -t + 25 = 11*y - 6*y. What is the greatest common divisor of 28 and y?
4
Suppose 7*v - 4*v = 81. Let r = v + 18. Suppose -r - 30 = -5*z. What is the highest common divisor of 60 and z?
15
Let x be (1590/24)/5 + 6/8. Let b(i) = -i**2 + 17*i - 35. Let z be b(x). Calculate the highest common divisor of 7 and z.
7
Suppose -2*g - 24 = -6*g. Suppose 2*o - 4 = 0, 14*k + 18 = 18*k + 3*o. Let t be k*(-3 + 34/g). What is the highest common divisor of 12 and t?
4
Suppose q - 31 =